 units digit of 90491?
1
What is the units digit of 1849?
9
What is the tens digit of 546?
4
What is the hundreds digit of 21945?
9
What is the hundreds digit of 563?
5
What is the units digit of 4087?
7
What is the thousands digit of 32309?
2
What is the units digit of 6506?
6
What is the tens digit of 14286?
8
What is the tens digit of 2100?
0
What is the hundreds digit of 205?
2
What is the units digit of 514?
4
What is the tens digit of 5816?
1
What is the hundreds digit of 15409?
4
What is the tens digit of 19022?
2
What is the hundreds digit of 8765?
7
What is the tens digit of 40545?
4
What is the units digit of 1111?
1
What is the tens digit of 60998?
9
What is the thousands digit of 8776?
8
What is the units digit of 899?
9
What is the tens digit of 1902?
0
What is the thousands digit of 6679?
6
What is the tens digit of 618?
1
What is the tens digit of 225?
2
What is the ten thousands digit of 24935?
2
What is the hundreds digit of 24351?
3
What is the hundreds digit of 216?
2
What is the units digit of 678?
8
What is the hundreds digit of 2746?
7
What is the tens digit of 9568?
6
What is the thousands digit of 142570?
2
What is the tens digit of 3066?
6
What is the thousands digit of 1437?
1
What is the tens digit of 8242?
4
What is the thousands digit of 81240?
1
What is the thousands digit of 5952?
5
What is the units digit of 71406?
6
What is the units digit of 998?
8
What is the hundreds digit of 551?
5
What is the hundreds digit of 1991?
9
What is the thousands digit of 24179?
4
What is the tens digit of 21767?
6
What is the units digit of 13989?
9
What is the ten thousands digit of 35691?
3
What is the tens digit of 31073?
7
What is the tens digit of 4890?
9
What is the units digit of 5706?
6
What is the tens digit of 1101?
0
What is the tens digit of 459?
5
What is the thousands digit of 1559?
1
What is the units digit of 730?
0
What is the tens digit of 258?
5
What is the units digit of 90763?
3
What is the tens digit of 1549?
4
What is the units digit of 7961?
1
What is the tens digit of 261?
6
What is the hundreds digit of 995?
9
What is the tens digit of 27300?
0
What is the thousands digit of 184756?
4
What is the thousands digit of 6283?
6
What is the hundreds digit of 2972?
9
What is the units digit of 237?
7
What is the hundreds digit of 17967?
9
What is the thousands digit of 1206?
1
What is the tens digit of 50984?
8
What is the units digit of 785?
5
What is the tens digit of 80?
8
What is the ten thousands digit of 30312?
3
What is the units digit of 57235?
5
What is the tens digit of 107665?
6
What is the hundreds digit of 4874?
8
What is the tens digit of 14279?
7
What is the hundreds digit of 23941?
9
What is the thousands digit of 12960?
2
What is the units digit of 182?
2
What is the tens digit of 1758?
5
What is the units digit of 85426?
6
What is the tens digit of 29019?
1
What is the units digit of 32113?
3
What is the units digit of 372?
2
What is the tens digit of 604?
0
What is the hundreds digit of 66291?
2
What is the thousands digit of 3699?
3
What is the units digit of 36492?
2
What is the units digit of 425?
5
What is the units digit of 25180?
0
What is the hundreds digit of 2811?
8
What is the hundreds digit of 1144?
1
What is the units digit of 801?
1
What is the units digit of 1502?
2
What is the units digit of 6556?
6
What is the thousands digit of 5804?
5
What is the thousands digit of 2017?
2
What is the units digit of 2678?
8
What is the hundreds digit of 153?
1
What is the tens digit of 128?
2
What is the tens digit of 4000?
0
What is the tens digit of 291?
9
What is the ten thousands digit of 51214?
5
What is the tens digit of 103245?
4
What is the hundreds digit of 671?
6
What is the hundreds digit of 12832?
8
What is the units digit of 430?
0
What is the tens digit of 2069?
6
What is the tens digit of 45185?
8
What is the units digit of 131327?
7
What is the units digit of 2674?
4
What is the tens digit of 1908?
0
What is the tens digit of 83912?
1
What is the tens digit of 1932?
3
What is the units digit of 3790?
0
What is the units digit of 5752?
2
What is the thousands digit of 34115?
4
What is the units digit of 13279?
9
What is the units digit of 464?
4
What is the thousands digit of 56601?
6
What is the thousands digit of 137418?
7
What is the tens digit of 1006?
0
What is the thousands digit of 2768?
2
What is the ten thousands digit of 29575?
2
What is the thousands digit of 53160?
3
What is the ten thousands digit of 35517?
3
What is the thousands digit of 1057?
1
What is the hundreds digit of 24763?
7
What is the tens digit of 57892?
9
What is the hundreds digit of 782?
7
What is the thousands digit of 28361?
8
What is the units digit of 1111?
1
What is the units digit of 29730?
0
What is the units digit of 1585?
5
What is the tens digit of 153774?
7
What is the units digit of 12526?
6
What is the hundreds digit of 412?
4
What is the hundreds digit of 960?
9
What is the hundreds digit of 1920?
9
What is the units digit of 160?
0
What is the ten thousands digit of 53724?
5
What is the units digit of 911?
1
What is the units digit of 709?
9
What is the thousands digit of 37783?
7
What is the tens digit of 5238?
3
What is the thousands digit of 9922?
9
What is the units digit of 2175?
5
What is the hundreds digit of 13772?
7
What is the units digit of 213?
3
What is the units digit of 1721?
1
What is the tens digit of 1666?
6
What is the units digit of 3601?
1
What is the tens digit of 30475?
7
What is the hundreds digit of 11945?
9
What is the hundreds digit of 2105?
1
What is the thousands digit of 8269?
8
What is the hundreds digit of 8286?
2
What is the tens digit of 1463?
6
What is the units digit of 43863?
3
What is the units digit of 4716?
6
What is the thousands digit of 32646?
2
What is the ten thousands digit of 52911?
5
What is the units digit of 4331?
1
What is the units digit of 4704?
4
What is the tens digit of 322?
2
What is the thousands digit of 62759?
2
What is the ten thousands digit of 12834?
1
What is the thousands digit of 20518?
0
What is the tens digit of 646?
4
What is the hundreds digit of 14187?
1
What is the thousands digit of 16582?
6
What is the tens digit of 363?
6
What is the tens digit of 190?
9
What is the units digit of 1754?
4
What is the thousands digit of 7928?
7
What is the thousands digit of 1793?
1
What is the units digit of 3742?
2
What is the units digit of 823?
3
What is the hundreds digit of 27943?
9
What is the hundred thousands digit of 100821?
1
What is the hundreds digit of 1966?
9
What is the hundreds digit of 166?
1
What is the hundreds digit of 115918?
9
What is the thousands digit of 7802?
7
What is the hundreds digit of 775?
7
What is the ten thousands digit of 150260?
5
What is the units digit of 8419?
9
What is the units digit of 84695?
5
What is the thousands digit of 5196?
5
What is the ten thousands digit of 54687?
5
What is the hundreds digit of 103098?
0
What is the tens digit of 17063?
6
What is the ten thousands digit of 10763?
1
What is the units digit of 828?
8
What is the units digit of 355?
5
What is the units digit of 60395?
5
What is the units digit of 826?
6
What is the tens digit of 75?
7
What is the units digit of 13600?
0
What is the hundreds digit of 1853?
8
What is the units digit of 28028?
8
What is the hundreds digit of 1693?
6
What is the tens digit of 54857?
5
What is the units digit of 13465?
5
What is the ten thousands digit of 19143?
1
What is the thousands digit of 4497?
4
What is the units digit of 926?
6
What is the units digit of 743?
3
What is the units digit of 8103?
3
What is the thousands digit of 76119?
6
What is the thousands digit of 17440?
7
What is the thousands digit of 3360?
3
What is the ten thousands digit of 10781?
1
What is the units digit of 1162?
2
What is the units digit of 8246?
6
What is the tens digit of 5912?
1
What is the tens digit of 414?
1
What is the hundreds digit of 879?
8
What is the hundreds digit of 66833?
8
What is the thousands digit of 5507?
5
What is the thousands digit of 2337?
2
What is the thousands digit of 1453?
1
What is the units digit of 226?
6
What is the thousands digit of 12622?
2
What is the units digit of 1125?
5
What is the tens digit of 66057